?
184
What is the highest common divisor of 1406 and 222?
74
What is the highest common divisor of 774 and 54?
18
Calculate the greatest common divisor of 26 and 260.
26
What is the greatest common divisor of 400 and 25000?
200
What is the highest common divisor of 10 and 12?
2
What is the greatest common factor of 798 and 210?
42
Calculate the greatest common factor of 2021 and 43.
43
Calculate the greatest common divisor of 18 and 2178.
18
Calculate the highest common divisor of 675 and 135.
135
Calculate the greatest common divisor of 13 and 234.
13
What is the highest common divisor of 56 and 56?
56
Calculate the highest common factor of 154 and 238.
14
Calculate the greatest common factor of 7 and 21.
7
What is the highest common divisor of 664 and 264?
8
Calculate the greatest common factor of 87 and 667.
29
Calculate the highest common factor of 1029 and 504.
21
What is the greatest common divisor of 1152 and 480?
96
What is the greatest common divisor of 10 and 16?
2
What is the highest common factor of 7997 and 44?
11
Calculate the greatest common factor of 363 and 297.
33
Calculate the greatest common divisor of 32 and 648.
8
Calculate the greatest common factor of 46 and 805.
23
Calculate the highest common divisor of 42 and 8232.
42
What is the highest common factor of 390 and 2600?
130
What is the greatest common factor of 9040 and 1582?
226
What is the highest common factor of 75 and 950?
25
What is the highest common divisor of 27 and 666?
9
Calculate the greatest common factor of 4 and 4.
4
What is the highest common factor of 1998 and 444?
222
What is the highest common factor of 1462 and 344?
86
Calculate the highest common factor of 53 and 3074.
53
Calculate the greatest common factor of 1564 and 92.
92
What is the highest common factor of 11 and 110?
11
Calculate the highest common factor of 42 and 3948.
42
What is the highest common factor of 120 and 228?
12
What is the greatest common divisor of 1079 and 166?
83
What is the greatest common divisor of 44 and 53548?
44
What is the greatest common divisor of 455 and 65?
65
Calculate the highest common factor of 155 and 10.
5
What is the greatest common divisor of 34 and 2720?
34
Calculate the highest common factor of 32 and 16.
16
Calculate the highest common divisor of 1156 and 612.
68
Calculate the highest common factor of 437 and 184.
23
Calculate the highest common factor of 54 and 63.
9
Calculate the greatest common divisor of 10138 and 148.
74
What is the greatest common divisor of 78 and 1287?
39
What is the highest common factor of 1470 and 20?
10
Calculate the highest common divisor of 14 and 1022.
14
Calculate the highest common factor of 819 and 39.
39
Calculate the greatest common divisor of 99 and 253.
11
What is the highest common divisor of 36885 and 15?
15
What is the greatest common factor of 22 and 484?
22
Calculate the greatest common factor of 33 and 67584.
33
What is the greatest common divisor of 1644 and 204?
12
Calculate the highest common factor of 11 and 297.
11
Calculate the greatest common factor of 6 and 186.
6
What is the greatest common factor of 4087 and 67?
67
What is the greatest common factor of 56 and 10220?
28
Calculate the greatest common divisor of 24949 and 183.
61
What is the highest common factor of 300 and 980?
20
Calculate the greatest common factor of 73 and 83731.
73
What is the highest common divisor of 25509 and 33?
33
What is the highest common factor of 16230 and 30?
30
Calculate the greatest common divisor of 3 and 161.
1
What is the highest common factor of 845 and 195?
65
What is the highest common divisor of 2772 and 108?
36
What is the highest common divisor of 88 and 33?
11
Calculate the highest common factor of 150 and 60.
30
What is the highest common factor of 260 and 65?
65
What is the greatest common factor of 260 and 715?
65
What is the highest common factor of 30 and 78?
6
What is the highest common divisor of 48 and 3216?
48
Calculate the greatest common divisor of 36112 and 296.
296
Calculate the greatest common divisor of 1644 and 36.
12
What is the greatest common divisor of 936 and 72?
72
Calculate the greatest common factor of 19405 and 5.
5
What is the greatest common factor of 18 and 5202?
18
Calculate the greatest common factor of 182 and 56.
14
What is the greatest common factor of 399 and 171?
57
What is the highest common divisor of 43 and 86?
43
What is the highest common divisor of 208 and 546?
26
What is the greatest common divisor of 75 and 57?
3
Calculate the highest common divisor of 99 and 270.
9
What is the greatest common factor of 19 and 209?
19
Calculate the highest common divisor of 1560 and 975.
195
What is the highest common divisor of 715 and 165?
55
Calculate the highest common divisor of 30 and 480.
30
What is the highest common factor of 105 and 17675?
35
What is the greatest common factor of 6711 and 3?
3
What is the greatest common factor of 9 and 89?
1
Calculate the highest common factor of 564 and 26790.
282
What is the highest common factor of 236 and 1593?
59
Calculate the highest common factor of 640 and 16.
16
Calculate the highest common divisor of 1230 and 30.
30
Calculate the greatest common divisor of 10 and 20.
10
Calculate the greatest common divisor of 6984 and 576.
72
What is the greatest common divisor of 1920 and 15?
15
Calculate the highest common divisor of 34 and 272.
34
Calculate the highest common divisor of 165 and 375.
15
What is the greatest common divisor of 575 and 10?
5
Calculate the greatest common factor of 21842 and 67.
67
Calculate the greatest common factor of 528 and 2064.
48
What is the greatest common factor of 4768 and 32?
32
What is the greatest common divisor of 12 and 3156?
12
What is the highest common factor of 99 and 9?
9
What is the highest common divisor of 627 and 22?
11
Calculate the highest common factor of 460 and 540.
20
What is the highest common divisor of 1102 and 570?
38
Calculate the greatest common divisor of 99 and 1815.
33
Calculate the greatest common factor of 3318 and 42.
42
What is the highest common factor of 45193 and 43?
43
What is the greatest common factor of 496 and 80?
16
Calculate the highest common factor of 671 and 427.
61
What is the greatest common factor of 44 and 66?
22
What is the highest common factor of 21 and 49?
7
Calculate the greatest common divisor of 2 and 62.
2
Calculate the greatest common factor of 368 and 16.
16
Calculate the greatest common factor of 184 and 16.
8
Calculate the greatest common divisor of 78 and 23842.
26
What is the highest common factor of 78 and 9438?
78
What is the greatest common divisor of 3707 and 33?
11
What is the highest common divisor of 460 and 1300?
20
What is the highest common divisor of 550 and 341?
11
What is the greatest common factor of 12 and 306?
6
Calculate the greatest common divisor of 140 and 3640.
140
What is the highest common factor of 1581 and 93?
93
Calculate the highest common factor of 989 and 172.
43
Calculate the highest common divisor of 949 and 65.
13
Calculate the greatest common divisor of 4 and 2092.
4
Calculate the greatest common divisor of 10498 and 29.
29
What is the highest common factor of 13483 and 97?
97
What is the highest common divisor of 18419 and 113?
113
What is the greatest common divisor of 363 and 528?
33
Calculate the highest common divisor of 16 and 29768.
8
Calculate the greatest common divisor of 1571 and 1.
1
What is the greatest common factor of 9780 and 60?
60
Calculate the highest common factor of 237 and 1501.
79
What is the highest common divisor of 72 and 324?
36
Calculate the greatest common factor of 2385 and 45.
45
What is the highest common divisor of 1290 and 5547?
129
What is the greatest common factor of 90 and 558?
18
Calculate the greatest common divisor of 184 and 115.
23
Calculate the highest common factor of 754 and 78.
26
Calculate the highest common divisor of 575 and 50.
25
Calculate the highest common divisor of 18 and 1548.
18
Calculate the highest common divisor of 9537 and 231.
33
Calculate the greatest common divisor of 25 and 400.
25
Calculate the greatest common divisor of 1407 and 67.
67
Calculate the greatest common divisor of 431 and 12.
1
Calculate the highest common factor of 74 an